n 101 - 5*(-14 + 11) is divided by 59.
57
Let o be (9/6*2)/(3/2). Suppose -11*n + o*n + 1422 = 0. What is the remainder when n is divided by 8?
6
Suppose -8 - 17 = -3*c + 20. What is the remainder when 426 is divided by c?
6
Let z be 4 + -86 + -6 + 3. Let r = 86 + z. Calculate the remainder when 40 is divided by r.
0
Let l = -3 - -4. Let j = -2672 - -2690. What is the remainder when j is divided by (-26)/(-4) + l/2?
4
Let c(v) = v**2 - 6. Let l be c(-3). Let y be 11/3 + -3*l/(-27). Calculate the remainder when (-79 + -1 + 0)*y/(-10) is divided by 12.
8
Suppose x - b = 37, 0 = 6*x - 3*x + b - 99. Let m(w) = -3*w**2 - 58*w - 132. What is the remainder when m(-7) is divided by x?
25
What is the remainder when 777 is divided by (-3)/(-5)*(-1 + 7592/12)?
19
Let s be ((-64)/80)/((-2)/(-20)). Let i be (-2)/s + 75/20. Suppose -20 + 56 = i*p. Calculate the remainder when 16 is divided by p.
7
Suppose 981 = 18*k - 9*k. Suppose -5*t = 9 - k. What is the remainder when t is divided by 7?
6
Let m(f) = f**3 + f**2 - f + 16. Let g be (-45)/((3 - 2) + 2/(-1)). Calculate the remainder when (-21)/5*g/(-3) is divided by m(0).
15
Suppose -2*g = 1 - 5. Let l = 1031 + -1029. Suppose 0 = -l*t - g, 2*j + 175 = 4*j + 3*t. What is the remainder when j is divided by 23?
20
Suppose -m + k = -0*k - 5, -2*m - k + 1 = 0. Suppose 2*r = 0, m*l - 5*r - 10 = 8. Suppose 3*t - 88 = 71. Calculate the remainder when t is divided by l.
8
Suppose -50 = -v - 2*m, -4*v + 3*m = -2*m - 161. Suppose 24 = -17*d + 20*d. What is the remainder when v is divided by d?
4
Let v be 24/(26/(-16) - -2). Let x = 94 - v. Suppose -b - 301 = -2*t, 2*t - 4*b - 140 = 176. Calculate the remainder when t is divided by x.
28
Suppose 172 = 3*p + v, 4*p + 12 = 5*v + 254. What is the remainder when 2725 is divided by p?
57
Let d be 1*(-24)/(-3) - 472. Let f = 591 + d. Calculate the remainder when f is divided by 23.
12
Let c(n) = -n**2 - 28*n - 74. Calculate the remainder when c(-11) is divided by 9.
5
Let k(c) = 5*c - 2. Let n be k(6). Let r = n - 21. Suppose r*m = 5*m + 20. Calculate the remainder when m is divided by 3.
1
Let k be ((-243)/(-45) - (-2)/(-5)) + 2. Suppose -3*n + 180 = k*n. Calculate the remainder when 24 is divided by n.
6
Let i(b) = -53*b + 35. Let n be i(-4). Suppose -119 = -3*y + n. What is the remainder when y is divided by 38?
8
Suppose 12*g - 76*g + 41792 = 0. What is the remainder when g is divided by 159?
17
Let q(v) = 22*v + 1. Let g(u) = -78*u**2 + 4*u + 11. Let c be g(-2). Let d = -218 - c. Calculate the remainder when d is divided by q(1).
22
Suppose -6 = r - 1, 5*z = 4*r + 5175. Calculate the remainder when z is divided by 47.
44
Let k = 25 + -14. Calculate the remainder when k is divided by 18*(-3)/12*2/(-9)*7.
4
Suppose 4*s - 18*z - 476 = -16*z, -589 = -5*s + z. Suppose 4*p + 330 + 342 = 4*d, -p + 342 = 2*d. Let c = d - s. Calculate the remainder when c is divided by 9.
8
Suppose 179*y - 79020 = -73650. Let l = 178 + -78. Calculate the remainder when l is divided by y.
10
Suppose 2*h + 19*z = 17*z - 318, z + 811 = -5*h. Let u = h - -165. Calculate the remainder when 28 is divided by u.
0
Let u = 153 + -84. Calculate the remainder when u is divided by (10/(-1))/((-1)/((-9)/(-2))).
24
Let q(j) = j**3 - 2*j**2 - 2*j + 5. Let m(x) = -18376*x - 91862. What is the remainder when q(5) is divided by m(-5)?
16
Let u = -75 - -132. Let y(a) be the third derivative of -a**5/60 - 17*a**4/24 - 25*a**3/3 + 84*a**2. What is the remainder when u is divided by y(-10)?
17
What is the remainder when ((-15)/(-10) + -4)*(-4312)/110 is divided by 50?
48
Suppose -516 = -3*v + f + 930, -4*f = 4*v - 1944. Calculate the remainder when v is divided by 11.
10
Calculate the remainder when 303 is divided by 1 + 10/(-6) - (-1498875)/5139.
12
Suppose 4*b - 67*n = -70*n + 1071, 3*n - 801 = -3*b. Calculate the remainder when b is divided by 23.
17
Suppose -33507 = -5893*u + 5884*u. Calculate the remainder when u is divided by 69.
66
Suppose -75 - 93 = -7*d. Suppose -t + 5*t + d = 0. Calculate the remainder when 43 is divided by (-225)/(-21) + t/(-21).
10
Suppose -14*h = -9*h - 1560. Suppose -10 = -7*o + h. Let z = 56 - o. Calculate the remainder when 34 is divided by z.
4
Let v = 72 - 68. Suppose -6*g = -v*g - 8. Calculate the remainder when 22 is divided by -6*(-44)/55*10/g.
10
Let q be 6/3 + 690*1. Suppose 4*n - 788 = -q. What is the remainder when 93 is divided by n?
21
Let k = 41 + -29. Suppose -8*o - 24 = -k*o. Let l = 21 - o. Calculate the remainder when l is divided by 6.
3
Let p(o) = 16*o**2 - o. Let q(k) = -k - 9. Let r be q(-7). Let j(v) = -17*v - 2. What is the remainder when j(r) is divided by p(-1)?
15
Suppose 4*y = -5*a + 6910, 5*y - 3*a - 8160 = 459. Calculate the remainder when y is divided by 91.
87
Suppose -3*s + 999 = 5*a - 8*a, 0 = -5*s - 4*a + 1692. Suppose -191*u = -195*u + s. Calculate the remainder when 329 is divided by u.
77
Let o = 1053 - 297. Suppose 26*m - o = 8*m. Let b = -95 - -177. What is the remainder when b is divided by m?
40
Let v(u) = -2*u - 3. Suppose -x + 4*l + 188 - 58 = 0, 2*l + 10 = 0. Suppose x*w = 104*w - 48. Calculate the remainder when 128 is divided by v(w).
11
Suppose -10*m = 3*y - 13*m - 639, 0 = -3*y + 2*m + 637. What is the remainder when y is divided by 63?
22
Let v(h) = -87*h + 2181. What is the remainder when 2558 is divided by v(25)?
2
Suppose 411 = 5*f + 3*t, -72 = -f + 14*t - 18*t. What is the remainder when 465 is divided by f?
45
Let y(f) = -3*f**3 - 2*f**2 - 7*f - 32. Let b be y(-4). What is the remainder when (216/b)/(-9) + 301/13 is divided by 19?
4
Suppose -6*p = 34 + 146. Let x = -28 - p. Suppose x*c - 3*c = -5. Calculate the remainder when 6 is divided by c.
1
Suppose 683 = 5*i - 3*m, 2*m = -7*i + 12*i - 682. Calculate the remainder when 1622 is divided by i.
126
Let p = 3374 - 3367. What is the remainder when 15111 is divided by p?
5
Suppose 0 = -25*p - 99 - 1. Let u(a) = 2*a**2 + 2*a - 1. What is the remainder when u(p) is divided by 17?
6
Suppose 3*i + f = 11, i + 15 = -20*f + 15*f. What is the remainder when 2922 is divided by i?
2
Let w = -123 + 140. Let f(v) = v**3 - 10*v**2 - 5*v - 5. Let d be f(10). Let i = 104 + d. Calculate the remainder when i is divided by w.
15
Suppose 3*g - 1196 = -81*x + 73*x, 0 = g - 2*x - 394. Calculate the remainder when g is divided by 377.
19
Suppose 217 = -7*s + 446 + 16. What is the remainder when 194 is divided by s?
19
Let v(w) = -10*w + 992. Calculate the remainder when v(56) is divided by 122.
66
Let s(l) = -37*l - 97. Let y be s(8). Let p = 591 + y. Calculate the remainder when p is divided by 25.
23
Let r(z) = -3*z**2 - z**3 - 3*z**2 - 26206 + 4*z**2 + 26274. Calculate the remainder when 130 is divided by r(0).
62
Suppose -4*c - 3*p + 109 + 118 = 0, -5*c = p - 292. Let w(b) be the first derivative of 3*b**2 - 15*b + 4. Calculate the remainder when c is divided by w(6).
17
Suppose -1648*u = -68263 - 188825. What is the remainder when u is divided by (-1 - 0)/((-2)/82)?
33
Let a(p) = -989*p - 1749. What is the remainder when a(-4) is divided by 65?
62
Suppose -2*q + 367 - 213 = 0. Calculate the remainder when 841 is divided by q.
71
Let s(f) = -f**2 + 20*f - 85. Let u be s(11). Let t(l) = 2*l - 1. Let d be t(4). Let x = d + u. What is the remainder when x is divided by 12?
9
Suppose -64*c + 66*c = -172. Let x be ((-129)/c)/((-22)/28 - -1). Let a = -4 + x. What is the remainder when 32 is divided by a?
2
Let h(x) = 3*x**3 - 46*x**2 + 26*x - 116. Calculate the remainder when h(15) is divided by 7.
0
Suppose -3*o - 15 = 0, -8 = 5*w - 6*o - 133. What is the remainder when 3018 is divided by w?
16
Let q(z) = -10*z**3 + 50*z**2 + 407*z + 7. Calculate the remainder when q(-7) is divided by 18.
14
Let z(w) = 68*w**2 + w - 7. Let b(l) = -109*l**2 - l + 11. Let f(p) = -5*b(p) - 8*z(p). Suppose -3*x = -0 + 9. What is the remainder when 52 is divided by f(x)?
14
Let i = 8890 + -8885. Suppose m - 3 = -n, 3*n - 39 = 4*m + 5. Calculate the remainder when n is divided by i.
3
Suppose 5*p - 31 = z + 26, -5*p + 129 = -2*z. Let f(l) = 6*l**2 + l. What is the remainder when (z/(-28))/((-3)/(-98)*1) is divided by f(-2)?
18
Suppose -3*p = -p - 44. Let j(v) = -87*v**2 - 551*v + 1. What is the remainder when j(-6) is divide